 3521101696?
3
What is the hundred thousands digit of 2123644667?
6
What is the tens digit of 529129504?
0
What is the ten thousands digit of 3079634030?
3
What is the millions digit of 722032636?
2
What is the ten thousands digit of 52907123?
0
What is the hundred thousands digit of 647156956?
1
What is the ten millions digit of 53689315?
5
What is the thousands digit of 31101987?
1
What is the hundreds digit of 710540456?
4
What is the tens digit of 39526373?
7
What is the units digit of 63850913?
3
What is the ten millions digit of 76393108?
7
What is the thousands digit of 418259775?
9
What is the hundreds digit of 495451763?
7
What is the billions digit of 1566360752?
1
What is the thousands digit of 110299862?
9
What is the hundreds digit of 204201759?
7
What is the ten millions digit of 26870802?
2
What is the ten thousands digit of 715636465?
3
What is the ten thousands digit of 313736101?
3
What is the billions digit of 3367746737?
3
What is the thousands digit of 4654128?
4
What is the units digit of 1547213676?
6
What is the hundreds digit of 49769895?
8
What is the units digit of 317091768?
8
What is the ten millions digit of 18783191?
1
What is the hundreds digit of 359371852?
8
What is the ten thousands digit of 381624060?
2
What is the hundred thousands digit of 2631627035?
6
What is the thousands digit of 5003321227?
1
What is the hundreds digit of 467748271?
2
What is the millions digit of 888959312?
8
What is the hundred thousands digit of 372622891?
6
What is the ten millions digit of 6194797820?
9
What is the ten thousands digit of 433225251?
2
What is the hundred thousands digit of 122081920?
0
What is the ten millions digit of 553707376?
5
What is the hundreds digit of 155775213?
2
What is the ten millions digit of 6329595022?
2
What is the units digit of 244485292?
2
What is the hundred millions digit of 331180489?
3
What is the hundred thousands digit of 237826206?
8
What is the ten millions digit of 6094023616?
9
What is the hundred thousands digit of 76507922?
5
What is the millions digit of 1071445906?
1
What is the hundred thousands digit of 2724776518?
7
What is the ten thousands digit of 582792973?
9
What is the ten millions digit of 1994470246?
9
What is the thousands digit of 1099720706?
0
What is the hundreds digit of 303060791?
7
What is the hundred thousands digit of 6993988?
9
What is the ten thousands digit of 1637242611?
4
What is the hundred millions digit of 240699679?
2
What is the thousands digit of 201372650?
2
What is the ten millions digit of 476538588?
7
What is the hundreds digit of 1219703?
7
What is the ten thousands digit of 11146641?
4
What is the thousands digit of 59394399?
4
What is the units digit of 401001073?
3
What is the thousands digit of 3029150320?
0
What is the hundred thousands digit of 278716544?
7
What is the hundred thousands digit of 40617294?
6
What is the hundred millions digit of 383662491?
3
What is the hundred millions digit of 100662486?
1
What is the ten thousands digit of 816161038?
6
What is the tens digit of 35693979?
7
What is the ten millions digit of 338816635?
3
What is the tens digit of 49078343?
4
What is the millions digit of 230942304?
0
What is the thousands digit of 247126942?
6
What is the ten thousands digit of 173206837?
0
What is the hundred millions digit of 625540961?
6
What is the hundred thousands digit of 285055969?
0
What is the ten millions digit of 4016430548?
1
What is the ten millions digit of 58867126?
5
What is the thousands digit of 97027875?
7
What is the units digit of 967175997?
7
What is the ten thousands digit of 130741544?
4
What is the millions digit of 3166930166?
6
What is the hundreds digit of 68007699?
6
What is the ten millions digit of 47750262?
4
What is the ten millions digit of 3412037635?
1
What is the hundreds digit of 3941884073?
0
What is the millions digit of 46972275?
6
What is the hundred thousands digit of 37024275?
0
What is the hundred thousands digit of 91620483?
6
What is the hundreds digit of 3152250367?
3
What is the ten thousands digit of 907232270?
3
What is the hundred thousands digit of 29132648?
1
What is the units digit of 263174113?
3
What is the millions digit of 4987595792?
7
What is the units digit of 256413893?
3
What is the billions digit of 2005578736?
2
What is the thousands digit of 1341333546?
3
What is the ten millions digit of 15424889?
1
What is the hundred thousands digit of 3181315437?
3
What is the ten millions digit of 20267060?
2
What is the units digit of 518974811?
1
What is the hundred thousands digit of 64616978?
6
What is the hundreds digit of 36200267?
2
What is the billions digit of 2303013926?
2
What is the ten thousands digit of 87749278?
4
What is the units digit of 71536737?
7
What is the thousands digit of 201182670?
2
What is the hundred thousands digit of 3101713285?
7
What is the ten millions digit of 914823400?
1
What is the units digit of 268128703?
3
What is the units digit of 1608612?
2
What is the hundreds digit of 2325280742?
7
What is the millions digit of 2964653978?
4
What is the ten millions digit of 3198869962?
9
What is the thousands digit of 556051043?
1
What is the thousands digit of 78965790?
5
What is the ten millions digit of 1065812425?
6
What is the hundred thousands digit of 4530796945?
7
What is the thousands digit of 174668416?
8
What is the units digit of 21627302?
2
What is the hundreds digit of 31935363?
3
What is the units digit of 20026070?
0
What is the hundred thousands digit of 1615203731?
2
What is the tens digit of 38529980?
8
What is the tens digit of 173933954?
5
What is the hundred millions digit of 632374421?
6
What is the ten millions digit of 1860847135?
6
What is the millions digit of 4653038725?
3
What is the millions digit of 888240153?
8
What is the units digit of 17762504?
4
What is the units digit of 1557965913?
3
What is the hundreds digit of 72456465?
4
What is the thousands digit of 6109197?
9
What is the ten thousands digit of 400831642?
3
What is the hundred thousands digit of 8284087697?
0
What is the hundred millions digit of 645944442?
6
What is the ten millions digit of 35910086?
3
What is the millions digit of 26789431?
6
What is the millions digit of 51879411?
1
What is the units digit of 304155609?
9
What is the hundred thousands digit of 405798929?
7
What is the hundred thousands digit of 48461304?
4
What is the hundred thousands digit of 47702145?
7
What is the tens digit of 360656665?
6
What is the thousands digit of 961848?
1
What is the hundreds digit of 33030626?
6
What is the ten millions digit of 74707381?
7
What is the hundred thousands digit of 3026655560?
6
What is the units digit of 89028908?
8
What is the ten millions digit of 18689067?
1
What is the millions digit of 125109051?
5
What is the thousands digit of 161552556?
2
What is the ten millions digit of 72302386?
7
What is the ten thousands digit of 567532152?
3
What is the millions digit of 2674136043?
4
What is the millions digit of 54176410?
4
What is the millions digit of 44363345?
4
What is the millions digit of 1176103902?
6
What is the millions digit of 233476534?
3
What is the hundred millions digit of 1461824149?
4
What is the hundred thousands digit of 1726603097?
6
What is the tens digit of 5907800?
0
What is the ten thousands digit of 2890081104?
8
What is the ten thousands digit of 3235277278?
7
What is the tens digit of 11522110?
1
What is the millions digit of 137269988?
7
What is the hundred millions digit of 617488283?
6
What is the millions digit of 23783214?
3
What is the tens digit of 61579514?
1
What is the units digit of 2557197560?
0
What is the hundred thousands digit of 2189409001?
4
What is the hundred thousands digit of 1616531?
6
What is the hundred thousands digit of 1213183224?
1
What is the hundred thousands digit of 183368031?
3
What is the hundreds digit of 85106851?
8
What is the hundreds digit of 6621471383?
3
What is the tens digit of 1021545174?
7
What is the ten millions digit of 1295509209?
9
What is the hundred thousands digit of 2806708370?
7
What is the ten thousands digit of 63878689?
7
What is the thousands digit of 807265463?
5
What is the units digit of 2733523894?
4
What is the hundreds digit of 1830